*2 - 2*v + 1. Let d be 0 + 2 + 2 + -2. Let h be x(d). What is the units digit of h - (-2)/(0 + 1)?
3
Suppose -5*i = 47 - 182. What is the tens digit of i?
2
Let x = -28 + 20. Let q(l) be the second derivative of l**5/20 + 3*l**4/4 + 7*l**3/6 - 3*l**2/2 + 2*l. What is the units digit of q(x)?
5
Let s be 57/(-9) - 2/(-6). What is the units digit of -2*(-15)/s*-1?
5
Let h = 22 - 19. What is the units digit of h?
3
Suppose -9*s + 150 = -3*s. What is the tens digit of s?
2
Let x(u) = u**2 + 9*u + 9. Let c be x(-8). Suppose 2 + c = 3*j. What is the units digit of (1/j)/(1/4)?
4
Let t(k) = -k + 15. Let c = -2 + 2. What is the tens digit of t(c)?
1
Let q be 2*3 + (-2)/1. Let d = 7 + -5. Suppose q*g - 26 = d*g. What is the tens digit of g?
1
Suppose 4*m + 11 = -1. Let i = -3 - m. Suppose -2*x + 31 - 9 = i. What is the tens digit of x?
1
Suppose 2*l + 6 - 4 = -2*d, -4*l + 20 = -4*d. Let s be (2*3/l)/1. What is the units digit of s*(-2)/(-9)*12?
8
Let m be ((-5)/((-10)/4))/(-1). Let a = 0 - m. Suppose x - 15 = -a*x. What is the units digit of x?
5
Let r = -472 + 828. What is the hundreds digit of r?
3
Let q(b) be the first derivative of b**4/4 - b**3/3 + b**2/2 - 3*b + 2. Let r be q(0). Let t = r - -9. What is the units digit of t?
6
Let r(b) = -b + 16. What is the units digit of r(-12)?
8
Let y = 38 + -19. Suppose 3*x - y - 11 = 0. Let d(b) = b**2 - 9*b - 8. What is the units digit of d(x)?
2
Let h be (32/20 + -2)*30. What is the units digit of h/8*112/(-6)?
8
Let c(o) = o**2 + 12*o. Let d be c(-9). What is the tens digit of 4/(-18) + (-411)/d?
1
Let h(y) = -y - 1. Let z be h(4). Let j(d) be the second derivative of -d**5/20 - 5*d**4/12 - d**3/6 - d**2/2 - 2*d. What is the units digit of j(z)?
4
Suppose -4*u + 1 + 7 = 0. Suppose -2*k = -u - 2. Suppose -4*l + 30 = k. What is the units digit of l?
7
Let g(a) = 2*a - 8. Let k be g(6). Let i(s) = 6*s - 6. Let z be i(5). Suppose k = -2*p + z. What is the tens digit of p?
1
What is the hundreds digit of 6/(-4)*8*32/(-3)?
1
Let z(k) = 45*k**2 - 3*k + 5. What is the hundreds digit of z(2)?
1
Let f be ((-248)/12)/((-4)/(-6)). Let v = f - -58. What is the units digit of v?
7
Suppose 3 = 4*q - 5. Let r be (-282)/15 - q/10. Let g = -11 - r. What is the units digit of g?
8
Suppose -69 = -2*u + 5*v - 6*v, -3*v - 200 = -5*u. What is the units digit of u?
7
Let j be 0/(4 + (-2)/1). Let u be (-2)/(-2) + 1*3. Suppose u*s - 25 = -2*k + 5, j = 3*k + 3*s - 33. What is the units digit of k?
7
Let l(b) = 37*b**2 + 4*b - 7. What is the units digit of l(2)?
9
Suppose 3*d + 11 - 74 = 0. What is the units digit of d?
1
Suppose -11*r + 680 + 563 = 0. What is the units digit of r?
3
Let p = -46 + 65. Suppose -26 = f - 0*f + 3*j, 5*j - 8 = 3*f. Let i = f + p. What is the units digit of i?
8
Let v(z) = 3*z + 6. What is the tens digit of v(8)?
3
Suppose 2*a + 29 = 5*c, 0*c - 23 = -5*c + 4*a. What is the units digit of c?
7
What is the units digit of (-4)/(-6) + (-354)/(-9)?
0
Let z = -1 + 1. Suppose 2*v = 16 - z. What is the units digit of v?
8
Suppose 4 = 4*z - 36. What is the tens digit of z?
1
Let w be (3 - 5)*1*-1. Let c(v) = 21*v - 2. Let g be c(4). Suppose -l + 84 = 3*l - w*r, -4*l + r = -g. What is the units digit of l?
0
Let i(d) = 3*d**3 - d**2 + d. Let s be i(1). Suppose -4*h + 2*k = -3*k - 7, s*h - 4*k = 5. Let l = 6 - h. What is the units digit of l?
3
Let p(v) = 3 - 8*v + 6*v**2 - v**3 + 0*v + 3*v**2. Let n be p(8). Let m = -2 + n. What is the units digit of m?
1
Let u = -21 + 29. What is the units digit of u?
8
Let q(l) = 3*l + 2. Let s(i) = 9*i + 6. Let m(z) = 17*q(z) - 6*s(z). Let p be m(-3). Let b = -3 + p. What is the units digit of b?
4
What is the tens digit of 4 + (-4)/(8/(-62))?
3
What is the hundreds digit of (446/(-3))/(40/(-60))?
2
Let c be ((-30)/(-25))/(6/20). Suppose a = 2, -c*f - 4*a = 2 - 26. What is the tens digit of 410/35 + f/14?
1
Suppose -2*x + 23 = -x. What is the tens digit of x?
2
Let k(h) = -2 - 16*h + 2. What is the units digit of k(-1)?
6
Let l = 17 - 6. What is the tens digit of l?
1
Let y be 2/9 - 11/9. What is the units digit of 3/12*y*-4?
1
Suppose -2*h - 3 - 7 = 0. What is the tens digit of -10*((-220)/(-8))/h?
5
Let j(y) be the second derivative of -1/12*y**4 + 0 + 3*y - 7/6*y**3 + 7/2*y**2. What is the tens digit of j(-5)?
1
Let p be (-6)/27 + (-140)/18. Let i be (0 - 7)/((-2)/6). Let j = p + i. What is the tens digit of j?
1
Let t be (-218)/(-9) - 2/9. Suppose 5*i - t = 51. What is the units digit of i?
5
Suppose 30 + 20 = 5*r. Let m(f) = 16 - f**2 + 2*f**2 - 4 - r*f. What is the units digit of m(9)?
3
Let u = 8 + 3. Suppose -5*f = 2*h + u, f + 3 = h - 9. What is the units digit of h?
7
Let w = 75 - -289. What is the hundreds digit of w?
3
Let r = -104 - -64. Let c(x) = -x**2 + 5*x + 2. Let l be c(7). What is the units digit of (l/(-10))/((-6)/r)?
8
What is the tens digit of 0 + 30 + 2/(-1)?
2
Suppose 5*u - 13 = 7. Suppose r - 49 = 5*q, 0 = -0*r + r - u*q - 45. What is the units digit of r?
9
Let h be 18/(-24) - 518/(-8). Suppose q - h = -3*q. What is the tens digit of q?
1
Let o(m) = -2*m**2 - m + 2. Let a be o(-2). Let l be a/(-18)*3*-3. What is the units digit of 2/l*-2 + 0?
2
Let r(q) be the second derivative of 14*q**3/3 + q**2 - 4*q. Let t be r(3). What is the tens digit of t/4 + 6/(-12)?
2
Suppose 5*q + 3*r = -r - 4, -q + 2*r + 2 = 0. Let h be (q - 9) + 1 + 0. Let t = -4 - h. What is the units digit of t?
4
Suppose -2*w - 4*j - j = -73, -2*j = 3*w - 104. What is the tens digit of w?
3
Suppose 2*q = 4*q - 16. Let p = q - 0. What is the units digit of p?
8
Let c(q) = -q + 52. What is the tens digit of c(6)?
4
Let d be (16/6)/(1/3). Let z = d - 5. Let r = 4 + z. What is the units digit of r?
7
Suppose -3*f = -4 - 2. Suppose -f*q = 3*q - 10. Suppose -q*k + 0*k = w - 13, -10 = -2*k + 2*w. What is the units digit of k?
6
Let y = 11 + -7. Suppose y*t - 8 = 40. What is the tens digit of t?
1
Suppose -2*j = -3*j + 4. Let v be 5*(1*-2 + j). Suppose 0 = 3*d - 5*d + v. What is the units digit of d?
5
Let l be (-1 - -10)*4/6. Suppose 0 = -s + l + 7. What is the units digit of s?
3
Let q(s) = s**2 + s - 2. Suppose 10 = -3*o - g, -5*o - 30 = -0*g - g. What is the units digit of q(o)?
8
Let j be -10*4/(24/(-9)). Let m be (-9)/15 - (-39)/j. What is the units digit of (-1 + -10)*(1 - m)?
1
Suppose -3*f = -2*f - 43. Suppose -127 = -4*y - f. What is the units digit of y?
1
Let o be 222/11 - (-8)/(-44). Suppose f - b + 9 = 2*f, 4*b - o = -2*f. What is the units digit of f?
8
Suppose -4*w = -l + 54, w + 25 = l - 26. What is the units digit of l?
0
What is the tens digit of 3 - -3*(-26)/(-3)?
2
Suppose -4*d = 5*k - 150, -68 = -2*d - 4*k + 5*k. What is the tens digit of d?
3
Let v(w) = -w + 10 + 9 + 0 + 11. What is the units digit of v(0)?
0
Let j = -2 + -4. Let q be (-130)/(-15)*6/(-4). Let n = j - q. What is the units digit of n?
7
Suppose 5*r - 226 - 599 = 0. What is the tens digit of r?
6
Let l = -11 - -19. Suppose -l*z = -5*z - 24. What is the units digit of z?
8
Suppose m - 3*v - 230 = 0, 2*m - 125 = 2*v + 331. What is the hundreds digit of m?
2
Let f = -16 - -28. What is the tens digit of f?
1
Let q(d) = d**3 + 7*d**2 - 9*d - 6. What is the tens digit of q(-7)?
5
Let w(i) = -3 - 5*i + 4 + i**2 + 0*i**2 + 4*i + 10*i**3. What is the units digit of w(1)?
1
Suppose 3*o = -0*o - 3*s + 198, 0 = 5*s. What is the units digit of o?
6
Let f(c) = c**2 + c + 3. Let z be f(0). Let k(h) = -h**3 + 5*h**2 - 4*h + 1. What is the units digit of k(z)?
7
Suppose 2*q - 2*w + 115 = -3*q, q = -w - 30. Let l be 10/q + 44/10. Suppose -3*k - 3*m + 30 = 0, 3*k - l*m = m + 46. What is the tens digit of k?
1
Suppose 9 = d + 5*x - 1, -d - 2*x + 4 = 0. Suppose d = -3*p - 2*l - 24, 40 = -5*p - l - 2*l. What is the units digit of (18/p)/((-2)/8)?
9
What is the units digit of (-4 - 0 - -5) + 33?
4
Let u = 72 + -42. What is the units digit of u?
0
Suppose -5*d + 19 = -26. Suppose d*w + 150 = 6*w. What is the units digit of ((-12)/(-5))/((-15)/w)?
8
Let w be 5*(3 + 0 + -2). Suppose w = 4*j - 7. Suppose 0 = k - 5 - j. What is the units digit of k?
8
Let v be ((-3)/(6/(-8)))/2. Suppose -5*p - 5 = 5*j, 4 = 3*j - 2*p + v. Suppose 0 = 5*q - 2*h - 30, j = -4*q - 0*q - 2*h + 24. What is the units digit of q?
6
Suppose 4*g - 21 = l, -